 3711609 is divided by 514?
15
Calculate the remainder when 24886932 is divided by 130.
122
What is the remainder when 303373 is divided by 10112?
13
What is the remainder when 1789263 is divided by 105242?
149
What is the remainder when 333360 is divided by 111116?
12
What is the remainder when 385733763 is divided by 103?
102
Calculate the remainder when 4608880 is divided by 1366.
1362
Calculate the remainder when 27025 is divided by 125.
25
What is the remainder when 31007062 is divided by 22?
20
Calculate the remainder when 339724810 is divided by 707.
705
What is the remainder when 1444607 is divided by 2304?
2303
What is the remainder when 88887 is divided by 638?
205
What is the remainder when 2784830 is divided by 67?
42
Calculate the remainder when 571070 is divided by 3413.
1099
Calculate the remainder when 29656017 is divided by 244.
13
What is the remainder when 23492 is divided by 677?
474
What is the remainder when 2202523 is divided by 585?
583
What is the remainder when 449868 is divided by 112467?
0
Calculate the remainder when 4712012 is divided by 416.
396
What is the remainder when 88808 is divided by 530?
298
What is the remainder when 1288781 is divided by 2488?
2485
What is the remainder when 922962489 is divided by 166?
165
Calculate the remainder when 15940949 is divided by 1076.
9
What is the remainder when 5800977 is divided by 218?
215
What is the remainder when 62530706 is divided by 32?
18
What is the remainder when 6773492 is divided by 1128901?
86
Calculate the remainder when 347258632 is divided by 91.
84
What is the remainder when 2986597 is divided by 497722?
265
What is the remainder when 17633775 is divided by 119?
117
Calculate the remainder when 58518611 is divided by 86.
83
What is the remainder when 178229 is divided by 22277?
13
What is the remainder when 582665 is divided by 291198?
269
Calculate the remainder when 589177 is divided by 32.
25
What is the remainder when 7830823 is divided by 239?
227
Calculate the remainder when 742196 is divided by 29681.
171
Calculate the remainder when 6755133 is divided by 446.
17
What is the remainder when 2161011 is divided by 452?
451
Calculate the remainder when 258660 is divided by 831.
219
What is the remainder when 142894 is divided by 198?
136
What is the remainder when 914896 is divided by 508?
496
What is the remainder when 15459127 is divided by 7729552?
23
What is the remainder when 657858 is divided by 29?
22
Calculate the remainder when 73039726 is divided by 1178060.
6
What is the remainder when 13913958 is divided by 6712?
6694
Calculate the remainder when 546348 is divided by 35.
33
What is the remainder when 38993 is divided by 12280?
2153
What is the remainder when 1262412 is divided by 257?
28
What is the remainder when 7831520 is divided by 516?
188
What is the remainder when 15057700 is divided by 6?
4
Calculate the remainder when 12212373 is divided by 7.
5
Calculate the remainder when 66593 is divided by 9400.
793
Calculate the remainder when 2497307 is divided by 624323.
15
What is the remainder when 1180292 is divided by 295021?
208
Calculate the remainder when 2063488 is divided by 555.
553
Calculate the remainder when 67901 is divided by 33895.
111
What is the remainder when 12977 is divided by 213?
197
What is the remainder when 1910902 is divided by 19700?
2
Calculate the remainder when 68207036 is divided by 352.
348
What is the remainder when 27874881 is divided by 26?
21
What is the remainder when 266248 is divided by 23561?
7077
Calculate the remainder when 2830207 is divided by 7.
2
What is the remainder when 28406838 is divided by 13644?
30
What is the remainder when 83659 is divided by 2882?
81
What is the remainder when 58618 is divided by 1228?
902
What is the remainder when 74264 is divided by 1964?
1596
Calculate the remainder when 65923 is divided by 1997.
22
What is the remainder when 240640 is divided by 4364?
620
What is the remainder when 3411771 is divided by 1013?
1000
What is the remainder when 3956354 is divided by 139?
136
Calculate the remainder when 261027 is divided by 15349.
94
Calculate the remainder when 1939535 is divided by 646503.
26
Calculate the remainder when 26698664 is divided by 301.
265
What is the remainder when 2966916 is divided by 156153?
9
Calculate the remainder when 4960704 is divided by 202.
190
What is the remainder when 4780848 is divided by 9960?
48
What is the remainder when 1364789 is divided by 46?
15
What is the remainder when 129483 is divided by 128230?
1253
Calculate the remainder when 267059 is divided by 208.
195
Calculate the remainder when 79754123 is divided by 25.
23
Calculate the remainder when 5349077 is divided by 89151.
17
Calculate the remainder when 9349229 is divided by 86.
83
What is the remainder when 1409508 is divided by 704750?
8
Calculate the remainder when 2352804 is divided by 63.
6
Calculate the remainder when 4809004 is divided by 856.
852
Calculate the remainder when 872721 is divided by 6267.
1608
What is the remainder when 1759240 is divided by 5283?
1
What is the remainder when 17427269 is divided by 229306?
13
What is the remainder when 740201 is divided by 246721?
38
Calculate the remainder when 2665987 is divided by 70152.
211
Calculate the remainder when 5754710 is divided by 115.
110
Calculate the remainder when 50656021 is divided by 901.
900
Calculate the remainder when 8731039 is divided by 985.
984
Calculate the remainder when 2338378 is divided by 2120.
18
What is the remainder when 2758793 is divided by 78797?
898
What is the remainder when 44110 is divided by 1845?
1675
What is the remainder when 1146134 is divided by 1422?
2
Calculate the remainder when 1131668 is divided by 377221.
5
What is the remainder when 1305103 is divided by 435030?
13
What is the remainder when 1316473 is divided by 438790?
103
What is the remainder when 341689899 is divided by 113896629?
12
What is the remainder when 6986025 is divided by 962?
943
Calculate the remainder when 46027 is divided by 7668.
19
Calculate the remainder when 28667218 is divided by 2606109.
19
Calculate the remainder when 6364168 is divided by 578559.
19
What is the remainder when 688441 is divided by 98327?
152
What is the remainder when 3937057 is divided by 1087?
1030
Calculate the remainder when 341842 is divided by 68203.
827
What is the remainder when 135785 is divided by 45075?
560
What is the remainder when 35804 is divided by 2782?
2420
Calculate the remainder when 62931 is divided by 2995.
36
Calculate the remainder when 77122 is divided by 38316.
490
Calculate the remainder when 25343737 is divided by 111.
106
What is the remainder when 5926895 is divided by 36?
35
What is the remainder when 6892263 is divided by 118832?
7
What is the remainder when 60329 is divided by 57266?
3063
Calculate the remainder when 20703 is divided by 20584.
119
What is the remainder when 559493655 is divided by 604?
603
What is the remainder when 8272645 is divided by 8272499?
146
What is the remainder when 5133919 is divided by 457?
438
Calculate the remainder when 422706 is divided by 3355.
3331
What is the remainder when 1381436 is divided by 697?
679
What is the remainder when 16631461 is divided by 807?
805
What is the remainder when 8234430 is divided by 149?
94
What is the remainder when 13141073 is divided by 8?
1
Calculate the remainder when 36247264 is divided by 8.
0
Calculate the remainder when 2897973 is divided by 24.
21
What is the remainder when 842420781 is divided by 8?
5
Calculate the remainder when 6092925 is divided by 217604.
13
What is the remainder when 533762 is divided by 234?
8
Calculate the remainder when 608160 is divided by 58.
30
What is the remainder when 1118276 is divided by 5060?
16
What is the remainder when 277036 is divided by 92336?
28
What is the remainder when 320630 is divided by 3815?
170
What is the remainder when 62927951 is divided by 925411?
3
Calculate the remainder when 15486003 is divided by 434.
15
Calculate the remainder when 1070781 is divided by 169.
166
What is the remainder when 207998 is divided by 3947?
2754
Calculate the remainder when 756561 is divided by 877.
587
What is the remainder when 113355 is divided by 1923?
1821
Calculate the re